{"id":1459,"date":"2024-09-25T14:06:19","date_gmt":"2024-09-25T12:06:19","guid":{"rendered":"https:\/\/cabossueltos.es\/?page_id=1459"},"modified":"2025-10-03T13:22:24","modified_gmt":"2025-10-03T11:22:24","slug":"actividades-de-formacion-continuada","status":"publish","type":"page","link":"https:\/\/cabossueltos.es\/index.php\/actividades-de-formacion-continuada\/","title":{"rendered":"ACTIVIDADES DE FORMACI\u00d3N CONTINUADA"},"content":{"rendered":"<div class=\"fusion-fullwidth fullwidth-box fusion-builder-row-1 fusion-flex-container has-pattern-background has-mask-background fusion-parallax-none nonhundred-percent-fullwidth non-hundred-percent-height-scrolling lazyload\" style=\"--link_color: var(--awb-color4);--awb-border-radius-top-left:0px;--awb-border-radius-top-right:0px;--awb-border-radius-bottom-right:0px;--awb-border-radius-bottom-left:0px;--awb-padding-bottom:2px;--awb-margin-bottom:0px;--awb-background-color:var(--awb-color2);--awb-background-image:linear-gradient(180deg, var(--awb-color4) 0%,rgba(255,255,255,0) 100%);;--awb-background-size:cover;--awb-flex-wrap:wrap;\" data-bg=\"https:\/\/cabossueltos.es\/wp-content\/uploads\/2024\/09\/iStock-1393976412-scaled.jpg\" data-bg-gradient=\"linear-gradient(180deg, var(--awb-color4) 0%,rgba(255,255,255,0) 100%)\" ><div class=\"fusion-builder-row fusion-row fusion-flex-align-items-center fusion-flex-content-wrap\" style=\"max-width:1216.8px;margin-left: calc(-4% \/ 2 );margin-right: calc(-4% \/ 2 );\"><div class=\"fusion-layout-column fusion_builder_column fusion-builder-column-0 fusion_builder_column_1_4 1_4 fusion-flex-column\" style=\"--awb-bg-size:cover;--awb-width-large:25%;--awb-margin-top-large:0px;--awb-spacing-right-large:7.68%;--awb-margin-bottom-large:30px;--awb-spacing-left-large:7.68%;--awb-width-medium:100%;--awb-order-medium:0;--awb-spacing-right-medium:1.92%;--awb-spacing-left-medium:1.92%;--awb-width-small:100%;--awb-order-small:0;--awb-spacing-right-small:1.92%;--awb-spacing-left-small:1.92%;\"><div class=\"fusion-column-wrapper fusion-column-has-shadow fusion-flex-justify-content-flex-start fusion-content-layout-column\"><div class=\"fusion-title title fusion-title-1 fusion-sep-none fusion-title-text fusion-title-size-one\"><h1 class=\"fusion-title-heading title-heading-left fusion-responsive-typography-calculated\" style=\"margin:0;text-transform:capitalize;--fontSize:80;line-height:var(--awb-typography1-line-height);\"><h2 style=\"text-align: center;\">CURSO DE APROXIMACI\u00d3N AL PSICOAN\u00c1LISIS<\/h2><\/h1><\/div><div class=\"fusion-text fusion-text-1\" style=\"--awb-text-color:var(--awb-color8);\"><p style=\"font-family: Abel; font-weight: 400;\" data-fusion-font=\"true\" data-fusion-google-font=\"Abel\" data-fusion-google-variant=\"400\">Dentro de las actividades de formaci\u00f3n que se vienen realizando, el curso de Aproximaci\u00f3n al Psicoan\u00e1lisis trata de transmitir, desde un lenguaje sencillo y accesible, conceptos fundamentales de la teor\u00eda psicoanal\u00edtica, articul\u00e1ndolos a una lectura sobre los avatares de la \u00e9poca en que vivimos. Este curso se dirige no s\u00f3lo a profesionales de la salud mental, sino a todas aquellas personas que se interesen por el psicoan\u00e1lisis, y por hacer un recorrido te\u00f3rico y de reflexi\u00f3n.<\/p>\n<p style=\"font-family: Abel; font-weight: 400;\" data-fusion-font=\"true\" data-fusion-google-font=\"Abel\" data-fusion-google-variant=\"400\">\n<p style=\"font-family: Abel; font-weight: 400;\" data-fusion-font=\"true\" data-fusion-google-font=\"Abel\" data-fusion-google-variant=\"400\">\n<\/div><div class=\"fusion-content-boxes content-boxes columns row fusion-columns-1 fusion-columns-total-2 fusion-content-boxes-1 content-boxes-icon-with-title content-left\" style=\"--awb-hover-accent-color:var(--awb-color4);--awb-circle-hover-accent-color:var(--awb-color4);--awb-item-margin-bottom:40px;\" data-animationOffset=\"top-into-view\"><div style=\"--awb-backgroundcolor:rgba(255,255,255,0);\" class=\"fusion-column content-box-column content-box-column content-box-column-1 col-lg-12 col-md-12 col-sm-12 fusion-content-box-hover content-box-column-last-in-row\"><div class=\"col content-box-wrapper content-wrapper link-area-box content-icon-wrapper-yes icon-hover-animation-fade\" data-animationOffset=\"top-into-view\"><div class=\"heading icon-left\"><h2 class=\"content-box-heading fusion-responsive-typography-calculated\" style=\"--h2_typography-font-size:22px;--fontSize:22;line-height:1.25;\">Programa curso 25\/26:<\/h2><\/div><div class=\"fusion-clearfix\"><\/div><div class=\"content-container\">\n<p><a href=\"https:\/\/cabossueltos.es\/wp-content\/uploads\/2025\/10\/CURSO-DE-APROXIMACION-A-LAS-PSICOSIS.-CABOS-SUELTOS.pdf\">CURSO DE APROXIMACION A LAS PSICOSIS. CABOS SUELTOS<\/a><\/p>\n<\/div><\/div><\/div><div style=\"--awb-backgroundcolor:rgba(255,255,255,0);\" class=\"fusion-column content-box-column content-box-column content-box-column-2 col-lg-12 col-md-12 col-sm-12 fusion-content-box-hover content-box-column-last content-box-column-last-in-row\"><div class=\"col content-box-wrapper content-wrapper link-area-box content-icon-wrapper-yes icon-hover-animation-fade\" data-animationOffset=\"top-into-view\"><div class=\"heading icon-left\"><h2 class=\"content-box-heading fusion-responsive-typography-calculated\" style=\"--h2_typography-font-size:22px;--fontSize:22;line-height:1.25;\">Enlace formulario inscripci\u00f3n:<\/h2><\/div><div class=\"fusion-clearfix\"><\/div><div class=\"content-container\">\n<p><a href=\"https:\/\/docs.google.com\/forms\/d\/e\/1FAIpQLSdLLD0u7k1QU2rn1DYbG3YVCaQyCWmJhXSZDuKQsId0QWncCw\/viewform\">https:\/\/docs.google.com\/forms\/d\/e\/1FAIpQLSdLLD0u7k1QU2rn1DYbG3YVCaQyCWmJhXSZDuKQsId0QWncCw\/viewform<\/a><\/p>\n<\/div><\/div><\/div><div class=\"fusion-clearfix\"><\/div><\/div><div class=\"fusion-separator fusion-full-width-sep\" style=\"align-self: center;margin-left: auto;margin-right: auto;width:100%;\"><div class=\"fusion-separator-border sep-single\" style=\"--awb-height:20px;--awb-amount:20px;border-color:hsla(var(--awb-color3-h),calc( var(--awb-color3-s) + 3% ),var(--awb-color3-l),var(--awb-color3-a));border-top-width:1px;\"><\/div><\/div><div class=\"fusion-image-element \" style=\"text-align:left;--awb-caption-title-font-family:var(--h2_typography-font-family);--awb-caption-title-font-weight:var(--h2_typography-font-weight);--awb-caption-title-font-style:var(--h2_typography-font-style);--awb-caption-title-size:var(--h2_typography-font-size);--awb-caption-title-transform:var(--h2_typography-text-transform);--awb-caption-title-line-height:var(--h2_typography-line-height);--awb-caption-title-letter-spacing:var(--h2_typography-letter-spacing);\"><span class=\" fusion-imageframe imageframe-none imageframe-1 hover-type-none\"><img decoding=\"async\" width=\"240\" height=\"300\" title=\"8\" src=\"https:\/\/cabossueltos.es\/wp-content\/uploads\/2025\/10\/8.png\" data-orig-src=\"https:\/\/cabossueltos.es\/wp-content\/uploads\/2025\/10\/8-240x300.png\" alt class=\"lazyload img-responsive wp-image-1762\" srcset=\"data:image\/svg+xml,%3Csvg%20xmlns%3D%27http%3A%2F%2Fwww.w3.org%2F2000%2Fsvg%27%20width%3D%271080%27%20height%3D%271350%27%20viewBox%3D%270%200%201080%201350%27%3E%3Crect%20width%3D%271080%27%20height%3D%271350%27%20fill-opacity%3D%220%22%2F%3E%3C%2Fsvg%3E\" data-srcset=\"https:\/\/cabossueltos.es\/wp-content\/uploads\/2025\/10\/8-200x250.png 200w, https:\/\/cabossueltos.es\/wp-content\/uploads\/2025\/10\/8-400x500.png 400w, https:\/\/cabossueltos.es\/wp-content\/uploads\/2025\/10\/8-600x750.png 600w, https:\/\/cabossueltos.es\/wp-content\/uploads\/2025\/10\/8-800x1000.png 800w, https:\/\/cabossueltos.es\/wp-content\/uploads\/2025\/10\/8.png 1080w\" data-sizes=\"auto\" data-orig-sizes=\"(max-width: 1024px) 100vw, (max-width: 640px) 100vw, 400px\" \/><\/span><\/div><\/div><\/div><div class=\"fusion-layout-column fusion_builder_column fusion-builder-column-1 fusion_builder_column_1_4 1_4 fusion-flex-column\" style=\"--awb-bg-size:cover;--awb-width-large:25%;--awb-margin-top-large:0px;--awb-spacing-right-large:7.68%;--awb-margin-bottom-large:30px;--awb-spacing-left-large:7.68%;--awb-width-medium:100%;--awb-order-medium:0;--awb-spacing-right-medium:1.92%;--awb-spacing-left-medium:1.92%;--awb-width-small:100%;--awb-order-small:0;--awb-spacing-right-small:1.92%;--awb-spacing-left-small:1.92%;\"><div class=\"fusion-column-wrapper fusion-column-has-shadow fusion-flex-justify-content-flex-start fusion-content-layout-column\"><div class=\"fusion-video fusion-youtube\" style=\"--awb-max-width:600px;--awb-max-height:360px;\"><div class=\"video-shortcode\"><lite-youtube videoid=\"ChEdGMz4ebI\" class=\"landscape\" params=\"wmode=transparent&autoplay=1&enablejsapi=1\" title=\"YouTube video player 1\" width=\"600\" height=\"360\"><\/lite-youtube><\/div><\/div><\/div><\/div><\/div><\/div>\n","protected":false},"excerpt":{"rendered":"","protected":false},"author":1,"featured_media":0,"parent":0,"menu_order":0,"comment_status":"closed","ping_status":"closed","template":"","meta":{"footnotes":""},"class_list":["post-1459","page","type-page","status-publish","hentry"],"acf":[],"_links":{"self":[{"href":"https:\/\/cabossueltos.es\/index.php\/wp-json\/wp\/v2\/pages\/1459"}],"collection":[{"href":"https:\/\/cabossueltos.es\/index.php\/wp-json\/wp\/v2\/pages"}],"about":[{"href":"https:\/\/cabossueltos.es\/index.php\/wp-json\/wp\/v2\/types\/page"}],"author":[{"embeddable":true,"href":"https:\/\/cabossueltos.es\/index.php\/wp-json\/wp\/v2\/users\/1"}],"replies":[{"embeddable":true,"href":"https:\/\/cabossueltos.es\/index.php\/wp-json\/wp\/v2\/comments?post=1459"}],"version-history":[{"count":12,"href":"https:\/\/cabossueltos.es\/index.php\/wp-json\/wp\/v2\/pages\/1459\/revisions"}],"predecessor-version":[{"id":1767,"href":"https:\/\/cabossueltos.es\/index.php\/wp-json\/wp\/v2\/pages\/1459\/revisions\/1767"}],"wp:attachment":[{"href":"https:\/\/cabossueltos.es\/index.php\/wp-json\/wp\/v2\/media?parent=1459"}],"curies":[{"name":"wp","href":"https:\/\/api.w.org\/{rel}","templated":true}]}}